{"id":5158,"date":"2021-04-15T11:50:54","date_gmt":"2021-04-15T11:50:54","guid":{"rendered":"https:\/\/www.afecir.com\/comprar\/?post_type=product&#038;p=5158"},"modified":"2021-05-28T09:53:30","modified_gmt":"2021-05-28T09:53:30","slug":"conjunto-de-bano-urban-120","status":"publish","type":"product","link":"https:\/\/www.afecir.com\/comprar\/producto\/conjunto-de-bano-urban-120\/","title":{"rendered":"Conjunto de ba\u00f1o URBAN 120"},"content":{"rendered":"<p>El\u00a0<strong>conjunto de ba\u00f1o Urban <\/strong>se trata del mueble perfecto para que puedas colocarlo en tu ba\u00f1o.<\/p>\n<p>El conjunto est\u00e1 compuesto por Este conjunto est\u00e1 compuesto por:<\/p>\n<ul>\n<li>Un lavabo slim de doble seno.<\/li>\n<li>2 muebles urban de 60 cm.<\/li>\n<\/ul>\n<ul>\n<li>Un detalle muy destacable de este caj\u00f3n son sus\u00a0<strong>tiradores <\/strong>tallados en el tablero de madera, ya que el tirador sale del propio frente de caj\u00f3n, lo que le da un toque decorativo mucho m\u00e1s bonito.<\/li>\n<li>Sus acabados son tambi\u00e9n muy elegantes<\/li>\n<li>Adem\u00e1s, puedes agregar de manera opcional un <strong>espejo Murano de 120cm<\/strong>\u00a0y forma rectangular, junto con 2 apliques de luz LED, que te permitir\u00e1n as\u00ed tener un conjunto completo de ba\u00f1o.<\/li>\n<li>A\u00f1ade tambi\u00e9n otros complementos opcionales como auxiliar, grifer\u00eda de lavabo o v\u00e1lvula y tendr\u00e1s un conjunto a la medida de tus necesidades.<\/li>\n<\/ul>\n","protected":false},"excerpt":{"rendered":"<p>El\u00a0<strong>conjunto de ba\u00f1o Urban <\/strong>se trata del mueble perfecto para que puedas colocarlo en tu ba\u00f1o.<\/p>\n","protected":false},"featured_media":5159,"template":"","meta":[],"product_brand":[],"product_cat":[690,930,678,15],"product_tag":[904,906,907,905],"class_list":{"0":"post-5158","1":"product","2":"type-product","3":"status-publish","4":"has-post-thumbnail","6":"product_cat-banos","7":"product_cat-greserg","8":"product_cat-hogar","9":"product_cat-sin-categorizar","10":"product_tag-bano","11":"product_tag-conjunto-de-bano","12":"product_tag-mueble","13":"product_tag-mueble-de-bano","15":"first","16":"instock","17":"taxable","18":"shipping-taxable","19":"purchasable","20":"product-type-simple"},"_links":{"self":[{"href":"https:\/\/www.afecir.com\/comprar\/wp-json\/wp\/v2\/product\/5158","targetHints":{"allow":["GET"]}}],"collection":[{"href":"https:\/\/www.afecir.com\/comprar\/wp-json\/wp\/v2\/product"}],"about":[{"href":"https:\/\/www.afecir.com\/comprar\/wp-json\/wp\/v2\/types\/product"}],"wp:featuredmedia":[{"embeddable":true,"href":"https:\/\/www.afecir.com\/comprar\/wp-json\/wp\/v2\/media\/5159"}],"wp:attachment":[{"href":"https:\/\/www.afecir.com\/comprar\/wp-json\/wp\/v2\/media?parent=5158"}],"wp:term":[{"taxonomy":"product_brand","embeddable":true,"href":"https:\/\/www.afecir.com\/comprar\/wp-json\/wp\/v2\/product_brand?post=5158"},{"taxonomy":"product_cat","embeddable":true,"href":"https:\/\/www.afecir.com\/comprar\/wp-json\/wp\/v2\/product_cat?post=5158"},{"taxonomy":"product_tag","embeddable":true,"href":"https:\/\/www.afecir.com\/comprar\/wp-json\/wp\/v2\/product_tag?post=5158"}],"curies":[{"name":"wp","href":"https:\/\/api.w.org\/{rel}","templated":true}]}}

Conjunto de baño URBAN 120

<p>El <strong>conjunto de baño Urban </strong>se trata del mueble perfecto para que puedas colocarlo en tu baño.</p>
<p>El conjunto está compuesto por Este conjunto está compuesto por:</p>
<ul>
<li>Un lavabo slim de doble seno.</li>
<li>2 muebles urban de 60 cm.</li>
</ul>
<ul>
<li>Un detalle muy destacable de este cajón son sus <strong>tiradores </strong>tallados en el tablero de madera, ya que el tirador sale del propio frente de cajón, lo que le da un toque decorativo mucho más bonito.</li>
<li>Sus acabados son también muy elegantes</li>
<li>Además, puedes agregar de manera opcional un <strong>espejo Murano de 120cm</strong> y forma rectangular, junto con 2 apliques de luz LED, que te permitirán así tener un conjunto completo de baño.</li>
<li>Añade también otros complementos opcionales como auxiliar, grifería de lavabo o válvula y tendrás un conjunto a la medida de tus necesidades.</li>
</ul>

<p>El <strong>conjunto de baño Urban </strong>se trata del mueble perfecto para que puedas colocarlo en tu baño.</p>
