{"id":4690,"date":"2020-11-25T13:44:29","date_gmt":"2020-11-25T13:44:29","guid":{"rendered":"https:\/\/www.afecir.com\/comprar\/?post_type=product&#038;p=4690"},"modified":"2023-12-22T17:23:51","modified_gmt":"2023-12-22T17:23:51","slug":"bingo-electronico-parlante-4-idiomas-ref-22409","status":"publish","type":"product","link":"https:\/\/www.afecir.com\/comprar\/producto\/bingo-electronico-parlante-4-idiomas-ref-22409\/","title":{"rendered":"Bingo Electr\u00f3nico Parlante &#8211; 4 IDIOMAS REF: 22409"},"content":{"rendered":"<p>Bingo parlante que te dir\u00e1 los n\u00fameros para que t\u00fa solamente tengas que cantar \u00a1l\u00ednea! o \u00a1Bingo! Juego familiar muy divertido.<\/p>\n<p>4 idiomas diferentes<\/p>\n<p>48 cartones de juego<\/p>\n<p>Edad recomendada: +3a\u00f1os<\/p>\n<p>M\u00e1s productos y cat\u00e1logo en <a href=\"http:\/\/www.dtjuguetes.com\">www.dtjuguetes.com<\/a><\/p>\n","protected":false},"excerpt":{"rendered":"<p>Bingo parlante que te dir\u00e1 los n\u00fameros para que t\u00fa solamente tengas que cantar \u00a1l\u00ednea! o \u00a1Bingo! Juego familiar muy divertido.<\/p>\n","protected":false},"featured_media":4691,"template":"","meta":[],"product_brand":[],"product_cat":[46,687,43],"product_tag":[],"class_list":{"0":"post-4690","1":"product","2":"type-product","3":"status-publish","4":"has-post-thumbnail","6":"product_cat-dt-juguetes","7":"product_cat-jugueteria","8":"product_cat-jugueteria-y-puericultura","10":"first","11":"outofstock","12":"taxable","13":"shipping-taxable","14":"purchasable","15":"product-type-simple"},"_links":{"self":[{"href":"https:\/\/www.afecir.com\/comprar\/wp-json\/wp\/v2\/product\/4690","targetHints":{"allow":["GET"]}}],"collection":[{"href":"https:\/\/www.afecir.com\/comprar\/wp-json\/wp\/v2\/product"}],"about":[{"href":"https:\/\/www.afecir.com\/comprar\/wp-json\/wp\/v2\/types\/product"}],"wp:featuredmedia":[{"embeddable":true,"href":"https:\/\/www.afecir.com\/comprar\/wp-json\/wp\/v2\/media\/4691"}],"wp:attachment":[{"href":"https:\/\/www.afecir.com\/comprar\/wp-json\/wp\/v2\/media?parent=4690"}],"wp:term":[{"taxonomy":"product_brand","embeddable":true,"href":"https:\/\/www.afecir.com\/comprar\/wp-json\/wp\/v2\/product_brand?post=4690"},{"taxonomy":"product_cat","embeddable":true,"href":"https:\/\/www.afecir.com\/comprar\/wp-json\/wp\/v2\/product_cat?post=4690"},{"taxonomy":"product_tag","embeddable":true,"href":"https:\/\/www.afecir.com\/comprar\/wp-json\/wp\/v2\/product_tag?post=4690"}],"curies":[{"name":"wp","href":"https:\/\/api.w.org\/{rel}","templated":true}]}}