{"id":4270,"date":"2020-10-06T07:38:51","date_gmt":"2020-10-06T07:38:51","guid":{"rendered":"https:\/\/www.afecir.com\/comprar\/?post_type=product&#038;p=4270"},"modified":"2023-12-22T17:24:15","modified_gmt":"2023-12-22T17:24:15","slug":"vajilla-4-piezas-para-microondas-saro","status":"publish","type":"product","link":"https:\/\/www.afecir.com\/comprar\/producto\/vajilla-4-piezas-para-microondas-saro\/","title":{"rendered":"Vajilla 4 piezas para microondas &#8211; SARO"},"content":{"rendered":"<p>Vajilla 4 piezas para microondas<\/p>\n<p>&#8211; 1 plato de material resistente<br \/>\n&#8211; 1 cuchara blandita, especialmente dise\u00f1ada para no hacer da\u00f1o\u00a0 a la enc\u00eda del beb\u00e9 en sus primeras comidas s\u00f3lidas.<br \/>\n&#8211; 1 cuenco.<br \/>\n&#8211; Una taza anti goteo con dos asitas y tapa<\/p>\n<p>Edad recomendada: +6m<\/p>\n<p>Apto para lavavajillas<br \/>\nApto para microondas<\/p>\n<p>&nbsp;<\/p>\n","protected":false},"excerpt":{"rendered":"<p>Vajilla 4 piezas para microondas<\/p>\n<p>&#8211; 1 plato de material resistente<br \/>\n&#8211; 1 cuchara blandita, especialmente dise\u00f1ada para no hacer da\u00f1o\u00a0 a la enc\u00eda del beb\u00e9 en sus primeras comidas s\u00f3lidas.<br \/>\n&#8211; 1 cuenco.<br \/>\n&#8211; Una taza anti goteo con dos asitas y tapa<\/p>\n<p>Edad recomendada: +6m<\/p>\n<p>Apto para lavavajillas<br \/>\nApto para microondas<\/p>\n<p>&nbsp;<\/p>\n","protected":false},"featured_media":4271,"template":"","meta":[],"product_brand":[],"product_cat":[46,687,43,115],"product_tag":[],"class_list":{"0":"post-4270","1":"product","2":"type-product","3":"status-publish","4":"has-post-thumbnail","6":"product_cat-dt-juguetes","7":"product_cat-jugueteria","8":"product_cat-jugueteria-y-puericultura","9":"product_cat-puericultura","11":"first","12":"outofstock","13":"taxable","14":"shipping-taxable","15":"purchasable","16":"product-type-simple"},"_links":{"self":[{"href":"https:\/\/www.afecir.com\/comprar\/wp-json\/wp\/v2\/product\/4270","targetHints":{"allow":["GET"]}}],"collection":[{"href":"https:\/\/www.afecir.com\/comprar\/wp-json\/wp\/v2\/product"}],"about":[{"href":"https:\/\/www.afecir.com\/comprar\/wp-json\/wp\/v2\/types\/product"}],"wp:featuredmedia":[{"embeddable":true,"href":"https:\/\/www.afecir.com\/comprar\/wp-json\/wp\/v2\/media\/4271"}],"wp:attachment":[{"href":"https:\/\/www.afecir.com\/comprar\/wp-json\/wp\/v2\/media?parent=4270"}],"wp:term":[{"taxonomy":"product_brand","embeddable":true,"href":"https:\/\/www.afecir.com\/comprar\/wp-json\/wp\/v2\/product_brand?post=4270"},{"taxonomy":"product_cat","embeddable":true,"href":"https:\/\/www.afecir.com\/comprar\/wp-json\/wp\/v2\/product_cat?post=4270"},{"taxonomy":"product_tag","embeddable":true,"href":"https:\/\/www.afecir.com\/comprar\/wp-json\/wp\/v2\/product_tag?post=4270"}],"curies":[{"name":"wp","href":"https:\/\/api.w.org\/{rel}","templated":true}]}}