{"id":4099,"date":"2020-08-06T14:06:11","date_gmt":"2020-08-06T14:06:11","guid":{"rendered":"https:\/\/www.afecir.com\/comprar\/?post_type=product&#038;p=4099"},"modified":"2021-05-28T10:06:21","modified_gmt":"2021-05-28T10:06:21","slug":"aroha-columna-de-ducha-termostatica-rociador-300mm-con-accesorios-de-ducha-plata-cromado","status":"publish","type":"product","link":"https:\/\/www.afecir.com\/comprar\/producto\/aroha-columna-de-ducha-termostatica-rociador-300mm-con-accesorios-de-ducha-plata-cromado\/","title":{"rendered":"Aroha Columna de ducha Termost\u00e1tica Rociador 300mm con accesorios de  ducha Plata Cromado"},"content":{"rendered":"<p><span data-sheets-value=\"{&quot;1&quot;:2,&quot;2&quot;:&quot;Grifo fabricado en lat\u00f3n con acabado cromado. Presi\u00f3n m\u00ednima de uso: 0, 5 bar. Accionamiento mediante volante. Cuerpo fr\u00edo.\\nTermostato 1\/2 Vuelta. Di\u00e1metro termostato 25 mm. Montura cer\u00e1mica distribuidora. Entrada hembra de 3\/4.\\&quot;\\r\\nTemperatura admisible de agua: Los materiales que componen las piezas de los grifos pueden soportar una temperatura\\nm\u00e1xima de 70\u00bac.\\&quot;\\r\\nRociador en inox acabado cromado de di\u00e1metro 300 mm. Caudal de 11, 9 L\/minuto a 3 bar y m\u00e1xima apertura. Columna \\nregulable en altura (telesc\u00f3pica). inversor integrado en mando.\\&quot;\\r\\nSuministrado con exc\u00e9ntricas 1\/2 a 3\/4, flexo PVC, soporte pared y maneral de di\u00e1metro 100 mm 4 funciones.\\r\\nFabricado en Espa\u00f1a.&quot;}\" data-sheets-userformat=\"{&quot;2&quot;:7043,&quot;3&quot;:{&quot;1&quot;:0},&quot;4&quot;:{&quot;1&quot;:2,&quot;2&quot;:16777215},&quot;10&quot;:0,&quot;11&quot;:4,&quot;12&quot;:0,&quot;14&quot;:{&quot;1&quot;:2,&quot;2&quot;:1118481},&quot;15&quot;:&quot;Arial&quot;}\">Grifo fabricado en lat\u00f3n con acabado cromado. Presi\u00f3n m\u00ednima de uso: 0, 5 bar. Accionamiento mediante volante. Cuerpo fr\u00edo.<br \/>\nTermostato 1\/2 Vuelta. Di\u00e1metro termostato 25 mm. Montura cer\u00e1mica distribuidora. Entrada hembra de 3\/4.\u00bb<br \/>\nTemperatura admisible de agua: Los materiales que componen las piezas de los grifos pueden soportar una temperatura<br \/>\nm\u00e1xima de 70\u00bac.\u00bb<br \/>\nRociador en inox acabado cromado de di\u00e1metro 300 mm. Caudal de 11, 9 L\/minuto a 3 bar y m\u00e1xima apertura. Columna<br \/>\nregulable en altura (telesc\u00f3pica). inversor integrado en mando.\u00bb<br \/>\nSuministrado con exc\u00e9ntricas 1\/2 a 3\/4, flexo PVC, soporte pared y maneral de di\u00e1metro 100 mm 4 funciones.<br \/>\nFabricado en Espa\u00f1a.<\/span><\/p>\n<p>Descripci\u00f3n t\u00e9cnica:<\/p>\n<p><span data-sheets-value=\"{&quot;1&quot;:2,&quot;2&quot;:&quot;\u00c1mbito de uso: Ducha\\r\\nCertificado: Si\\r\\nInstalaci\u00f3n: Mural\\r\\nMezcla de agua:Termost\u00e1tico\\r\\nCuerpo Fr\u00edo: Si\\r\\nDiferenciaci\u00f3n: Rociador 300mm en Inox y flexo en PVC&quot;}\" data-sheets-userformat=\"{&quot;2&quot;:641,&quot;3&quot;:{&quot;1&quot;:0},&quot;10&quot;:0,&quot;12&quot;:0}\">\u00c1mbito de uso: Ducha<br \/>\nCertificado: Si<br \/>\nInstalaci\u00f3n: Mural<br \/>\nMezcla de agua: Termost\u00e1tico.<br \/>\nCuerpo Fr\u00edo: Si<br \/>\nDiferenciaci\u00f3n: Rociador 300mm en Inox y flexo en PVC<\/span><\/p>\n<p><a href=\"https:\/\/www.afecir.com\/comprar\/wp-content\/uploads\/2020\/08\/griferia-termostatica.pdf\" target=\"_blank\" rel=\"noopener noreferrer\">Ficha t\u00e9cnica<\/a><\/p>\n","protected":false},"excerpt":{"rendered":"<p>Grifo fabricado en lat\u00f3n con acabado cromado.<\/p>\n","protected":false},"featured_media":5156,"template":"","meta":[],"product_brand":[],"product_cat":[690,930,678],"product_tag":[904,915,912,891,913,914],"class_list":{"0":"post-4099","1":"product","2":"type-product","3":"status-publish","4":"has-post-thumbnail","6":"product_cat-banos","7":"product_cat-greserg","8":"product_cat-hogar","9":"product_tag-bano","10":"product_tag-ducha","11":"product_tag-griferia","12":"product_tag-grifo","13":"product_tag-grifo-termostatico","14":"product_tag-termostatico","16":"first","17":"instock","18":"taxable","19":"shipping-taxable","20":"purchasable","21":"product-type-simple"},"_links":{"self":[{"href":"https:\/\/www.afecir.com\/comprar\/wp-json\/wp\/v2\/product\/4099","targetHints":{"allow":["GET"]}}],"collection":[{"href":"https:\/\/www.afecir.com\/comprar\/wp-json\/wp\/v2\/product"}],"about":[{"href":"https:\/\/www.afecir.com\/comprar\/wp-json\/wp\/v2\/types\/product"}],"wp:featuredmedia":[{"embeddable":true,"href":"https:\/\/www.afecir.com\/comprar\/wp-json\/wp\/v2\/media\/5156"}],"wp:attachment":[{"href":"https:\/\/www.afecir.com\/comprar\/wp-json\/wp\/v2\/media?parent=4099"}],"wp:term":[{"taxonomy":"product_brand","embeddable":true,"href":"https:\/\/www.afecir.com\/comprar\/wp-json\/wp\/v2\/product_brand?post=4099"},{"taxonomy":"product_cat","embeddable":true,"href":"https:\/\/www.afecir.com\/comprar\/wp-json\/wp\/v2\/product_cat?post=4099"},{"taxonomy":"product_tag","embeddable":true,"href":"https:\/\/www.afecir.com\/comprar\/wp-json\/wp\/v2\/product_tag?post=4099"}],"curies":[{"name":"wp","href":"https:\/\/api.w.org\/{rel}","templated":true}]}}