{"id":3411,"date":"2020-08-21T13:47:59","date_gmt":"2020-08-21T13:47:59","guid":{"rendered":"https:\/\/www.afecir.com\/comprar\/?post_type=product&#038;p=3411"},"modified":"2020-08-21T13:47:59","modified_gmt":"2020-08-21T13:47:59","slug":"lote-especial-iberico-la-encina-charra","status":"publish","type":"product","link":"https:\/\/www.afecir.com\/comprar\/producto\/lote-especial-iberico-la-encina-charra\/","title":{"rendered":"Lote Especial Ib\u00e9rico &#8211; LA ENCINA CHARRA"},"content":{"rendered":"<p>Lote de productos ib\u00e9ricos procedente de nuestros animales, alimentados de forma natural en la montanera en la dehesa de Salmantina de Gallegos de Arga\u00f1\u00e1n a base de bellota, con la que se consigue ese sabor y textura tan caracter\u00edstica y apreciada del cerdo ib\u00e9rico.<\/p>\n<p>Elaboramos nuestros productos de forma artesanal, controlando en todo momento todo el proceso, seleccionando la mejor carne para cada producto y lo elaborando cuidadosamente cada producto para conseguir obtener la m\u00e1xima calidad y el punto exacto de curaci\u00f3n.<\/p>\n<p>Envasado al vac\u00edo para que conserve todas sus propiedades durante m\u00e1s tiempo.<\/p>\n<p>El lote contiene:<\/p>\n<p>&#8211; 1 Jam\u00f3n de bellota 100% ib\u00e9rico.<\/p>\n<p>&#8211; 1\u00a0 Lomo de bellota 100% ib\u00e9rico de 0.600kg de peso.<\/p>\n<p>&#8211; 1 Chorizo de bellota 100% ib\u00e9rico de 0.600kg de peso.<\/p>\n<p>&#8211; 1 Salchich\u00f3n de bellota 100% ib\u00e9rico 0.600kg de peso.<\/p>\n<p>Adem\u00e1s, este pack incluye como regalo una botella de acite de oliva virgen extra de la marca Arribera.<\/p>\n<p><strong>*\u00a0 Jamonero no incluido *<\/strong><\/p>\n<p>&nbsp;<\/p>\n<p>AL\u00c9RGENOS:<\/p>\n<p>Chorizo: Contiene soja y derivados de soja. Contiene leche y sus derivados.<\/p>\n<p>Lomo y salchich\u00f3n: Contiene leche y sus derivados.<\/p>\n<p>&nbsp;<\/p>\n","protected":false},"excerpt":{"rendered":"<p>Lote de productos ib\u00e9ricos procedente de nuestros animales y elaborado de forma artesanal.<\/p>\n","protected":false},"featured_media":3412,"template":"","meta":[],"product_brand":[],"product_cat":[117,391,116],"product_tag":[548,545,615,649],"class_list":{"0":"post-3411","1":"product","2":"type-product","3":"status-publish","4":"has-post-thumbnail","6":"product_cat-alimentacion","7":"product_cat-embutidos","8":"product_cat-la-encina-charra","9":"product_tag-cerdo-iberico","10":"product_tag-embutidos","11":"product_tag-jamon-iberico","12":"product_tag-pata-negra","14":"first","15":"instock","16":"taxable","17":"shipping-taxable","18":"purchasable","19":"product-type-simple"},"_links":{"self":[{"href":"https:\/\/www.afecir.com\/comprar\/wp-json\/wp\/v2\/product\/3411","targetHints":{"allow":["GET"]}}],"collection":[{"href":"https:\/\/www.afecir.com\/comprar\/wp-json\/wp\/v2\/product"}],"about":[{"href":"https:\/\/www.afecir.com\/comprar\/wp-json\/wp\/v2\/types\/product"}],"wp:featuredmedia":[{"embeddable":true,"href":"https:\/\/www.afecir.com\/comprar\/wp-json\/wp\/v2\/media\/3412"}],"wp:attachment":[{"href":"https:\/\/www.afecir.com\/comprar\/wp-json\/wp\/v2\/media?parent=3411"}],"wp:term":[{"taxonomy":"product_brand","embeddable":true,"href":"https:\/\/www.afecir.com\/comprar\/wp-json\/wp\/v2\/product_brand?post=3411"},{"taxonomy":"product_cat","embeddable":true,"href":"https:\/\/www.afecir.com\/comprar\/wp-json\/wp\/v2\/product_cat?post=3411"},{"taxonomy":"product_tag","embeddable":true,"href":"https:\/\/www.afecir.com\/comprar\/wp-json\/wp\/v2\/product_tag?post=3411"}],"curies":[{"name":"wp","href":"https:\/\/api.w.org\/{rel}","templated":true}]}}

Lote Especial Ibérico &#8211; LA ENCINA CHARRA

<p>Lote de productos ibéricos procedente de nuestros animales, alimentados de forma natural en la montanera en la dehesa de Salmantina de Gallegos de Argañán a base de bellota, con la que se consigue ese sabor y textura tan característica y apreciada del cerdo ibérico.</p>
<p>Elaboramos nuestros productos de forma artesanal, controlando en todo momento todo el proceso, seleccionando la mejor carne para cada producto y lo elaborando cuidadosamente cada producto para conseguir obtener la máxima calidad y el punto exacto de curación.</p>
<p>Envasado al vacío para que conserve todas sus propiedades durante más tiempo.</p>
<p>El lote contiene:</p>
<p>&#8211; 1 Jamón de bellota 100% ibérico.</p>
<p>&#8211; 1  Lomo de bellota 100% ibérico de 0.600kg de peso.</p>
<p>&#8211; 1 Chorizo de bellota 100% ibérico de 0.600kg de peso.</p>
<p>&#8211; 1 Salchichón de bellota 100% ibérico 0.600kg de peso.</p>
<p>Además, este pack incluye como regalo una botella de acite de oliva virgen extra de la marca Arribera.</p>
<p><strong>*  Jamonero no incluido *</strong></p>
<p>&nbsp;</p>
<p>ALÉRGENOS:</p>
<p>Chorizo: Contiene soja y derivados de soja. Contiene leche y sus derivados.</p>
<p>Lomo y salchichón: Contiene leche y sus derivados.</p>
<p>&nbsp;</p>

<p>Lote de productos ibéricos procedente de nuestros animales y elaborado de forma artesanal.</p>
