{"id":3358,"date":"2020-07-07T17:22:35","date_gmt":"2020-07-07T17:22:35","guid":{"rendered":"https:\/\/www.afecir.com\/comprar\/?post_type=product&#038;p=3358"},"modified":"2020-08-21T13:47:15","modified_gmt":"2020-08-21T13:47:15","slug":"jamon-de-bellota-100-iberico-la-encina-charra","status":"publish","type":"product","link":"https:\/\/www.afecir.com\/comprar\/producto\/jamon-de-bellota-100-iberico-la-encina-charra\/","title":{"rendered":"Jam\u00f3n de bellota 100% ib\u00e9rico &#8211; LA ENCINA CHARRA"},"content":{"rendered":"<p>Jam\u00f3n de bellota 100% ib\u00e9rico de primera calidad. El aut\u00e9ntico jam\u00f3n de pata negra.<\/p>\n<p>Con una pureza de raza del 100% debido a una cuidada selecci\u00f3n gen\u00e9tica. Procedente de nuestros animales criados en libertad y alimentados a base de bellota en la dehesa Salmantina de Gallegos de Arga\u00f1\u00e1n, reconocida por la alta densidad de encinas y la calidad de sus bellotas, gracias a ellas se consigue ese sabor y textura tan caracter\u00edstica y apreciada del cerdo ib\u00e9rico.<\/p>\n<p>Se trata de un jam\u00f3n de producci\u00f3n limitada, elaborado de forma artesanal y con un \u00f3ptimo punto de curaci\u00f3n lenta a m\u00e1s de 1000 m sobre el nivel del mar.<\/p>\n<p>Ideal para dar un toque de distinci\u00f3n a tu mesa.<\/p>\n<p>&nbsp;<\/p>\n<p>&nbsp;<\/p>\n<p>AL\u00c9RGENOS<br \/>\nNo contiene gluten ni lactosa.<\/p>\n","protected":false},"excerpt":{"rendered":"<p>Jam\u00f3n de bellota 100% ib\u00e9rico de primera calidad. El aut\u00e9ntico jam\u00f3n de pata negra.<\/p>\n","protected":false},"featured_media":3324,"template":"","meta":[],"product_brand":[],"product_cat":[117,391,116],"product_tag":[546,548,545,615,649],"class_list":{"0":"post-3358","1":"product","2":"type-product","3":"status-publish","4":"has-post-thumbnail","6":"product_cat-alimentacion","7":"product_cat-embutidos","8":"product_cat-la-encina-charra","9":"product_tag-alimentacion","10":"product_tag-cerdo-iberico","11":"product_tag-embutidos","12":"product_tag-jamon-iberico","13":"product_tag-pata-negra","15":"first","16":"instock","17":"shipping-taxable","18":"purchasable","19":"product-type-variable"},"_links":{"self":[{"href":"https:\/\/www.afecir.com\/comprar\/wp-json\/wp\/v2\/product\/3358","targetHints":{"allow":["GET"]}}],"collection":[{"href":"https:\/\/www.afecir.com\/comprar\/wp-json\/wp\/v2\/product"}],"about":[{"href":"https:\/\/www.afecir.com\/comprar\/wp-json\/wp\/v2\/types\/product"}],"wp:featuredmedia":[{"embeddable":true,"href":"https:\/\/www.afecir.com\/comprar\/wp-json\/wp\/v2\/media\/3324"}],"wp:attachment":[{"href":"https:\/\/www.afecir.com\/comprar\/wp-json\/wp\/v2\/media?parent=3358"}],"wp:term":[{"taxonomy":"product_brand","embeddable":true,"href":"https:\/\/www.afecir.com\/comprar\/wp-json\/wp\/v2\/product_brand?post=3358"},{"taxonomy":"product_cat","embeddable":true,"href":"https:\/\/www.afecir.com\/comprar\/wp-json\/wp\/v2\/product_cat?post=3358"},{"taxonomy":"product_tag","embeddable":true,"href":"https:\/\/www.afecir.com\/comprar\/wp-json\/wp\/v2\/product_tag?post=3358"}],"curies":[{"name":"wp","href":"https:\/\/api.w.org\/{rel}","templated":true}]}}

Jamón de bellota 100% ibérico &#8211; LA ENCINA CHARRA

<p>Jamón de bellota 100% ibérico de primera calidad. El auténtico jamón de pata negra.</p>
<p>Con una pureza de raza del 100% debido a una cuidada selección genética. Procedente de nuestros animales criados en libertad y alimentados a base de bellota en la dehesa Salmantina de Gallegos de Argañán, reconocida por la alta densidad de encinas y la calidad de sus bellotas, gracias a ellas se consigue ese sabor y textura tan característica y apreciada del cerdo ibérico.</p>
<p>Se trata de un jamón de producción limitada, elaborado de forma artesanal y con un óptimo punto de curación lenta a más de 1000 m sobre el nivel del mar.</p>
<p>Ideal para dar un toque de distinción a tu mesa.</p>
<p>&nbsp;</p>
<p>&nbsp;</p>
<p>ALÉRGENOS<br />
No contiene gluten ni lactosa.</p>

<p>Jamón de bellota 100% ibérico de primera calidad. El auténtico jamón de pata negra.</p>
