{"id":3356,"date":"2020-07-07T17:18:47","date_gmt":"2020-07-07T17:18:47","guid":{"rendered":"https:\/\/www.afecir.com\/comprar\/?post_type=product&#038;p=3356"},"modified":"2020-08-21T13:46:15","modified_gmt":"2020-08-21T13:46:15","slug":"paleta-de-bellota-50-raza-iberica-la-encina-charra","status":"publish","type":"product","link":"https:\/\/www.afecir.com\/comprar\/producto\/paleta-de-bellota-50-raza-iberica-la-encina-charra\/","title":{"rendered":"Paleta de bellota 50% raza ib\u00e9rica &#8211; LA ENCINA CHARRA"},"content":{"rendered":"<p>Paleta de bellota 50% de cerdo Ib\u00e9rico.<\/p>\n<p>Procedente de nuestros animales, alimentados de forma natural en la montanera de la dehesa Salmantina de Gallegos de Arga\u00f1\u00e1n a base de bellota, con la que conseguimos ese sabor y\u00a0 esa textura tan caracter\u00edstica y apreciada del cerdo ib\u00e9rico.<\/p>\n<p>Con un \u00f3ptimo punto de curaci\u00f3n de m\u00e1s de 36 meses. De producci\u00f3n limitada y elaborado de manera artesanal.<\/p>\n<p>&nbsp;<\/p>\n<p>AL\u00c9RGENOS<br \/>\nNo contiene gluten ni lactosa.<\/p>\n","protected":false},"excerpt":{"rendered":"<p>Paleta de bellota 50% de cerdo Ib\u00e9rico.<\/p>\n","protected":false},"featured_media":3333,"template":"","meta":[],"product_brand":[],"product_cat":[117,391,116],"product_tag":[548,545,553,554],"class_list":{"0":"post-3356","1":"product","2":"type-product","3":"status-publish","4":"has-post-thumbnail","6":"product_cat-alimentacion","7":"product_cat-embutidos","8":"product_cat-la-encina-charra","9":"product_tag-cerdo-iberico","10":"product_tag-embutidos","11":"product_tag-paleta","12":"product_tag-paleta-iberica","14":"first","15":"instock","16":"taxable","17":"shipping-taxable","18":"purchasable","19":"product-type-variable","20":"has-default-attributes"},"_links":{"self":[{"href":"https:\/\/www.afecir.com\/comprar\/wp-json\/wp\/v2\/product\/3356","targetHints":{"allow":["GET"]}}],"collection":[{"href":"https:\/\/www.afecir.com\/comprar\/wp-json\/wp\/v2\/product"}],"about":[{"href":"https:\/\/www.afecir.com\/comprar\/wp-json\/wp\/v2\/types\/product"}],"wp:featuredmedia":[{"embeddable":true,"href":"https:\/\/www.afecir.com\/comprar\/wp-json\/wp\/v2\/media\/3333"}],"wp:attachment":[{"href":"https:\/\/www.afecir.com\/comprar\/wp-json\/wp\/v2\/media?parent=3356"}],"wp:term":[{"taxonomy":"product_brand","embeddable":true,"href":"https:\/\/www.afecir.com\/comprar\/wp-json\/wp\/v2\/product_brand?post=3356"},{"taxonomy":"product_cat","embeddable":true,"href":"https:\/\/www.afecir.com\/comprar\/wp-json\/wp\/v2\/product_cat?post=3356"},{"taxonomy":"product_tag","embeddable":true,"href":"https:\/\/www.afecir.com\/comprar\/wp-json\/wp\/v2\/product_tag?post=3356"}],"curies":[{"name":"wp","href":"https:\/\/api.w.org\/{rel}","templated":true}]}}

Paleta de bellota 50% raza ibérica &#8211; LA ENCINA CHARRA

<p>Paleta de bellota 50% de cerdo Ibérico.</p>
<p>Procedente de nuestros animales, alimentados de forma natural en la montanera de la dehesa Salmantina de Gallegos de Argañán a base de bellota, con la que conseguimos ese sabor y  esa textura tan característica y apreciada del cerdo ibérico.</p>
<p>Con un óptimo punto de curación de más de 36 meses. De producción limitada y elaborado de manera artesanal.</p>
<p>&nbsp;</p>
<p>ALÉRGENOS<br />
No contiene gluten ni lactosa.</p>

<p>Paleta de bellota 50% de cerdo Ibérico.</p>
