{"id":3353,"date":"2020-07-07T17:15:24","date_gmt":"2020-07-07T17:15:24","guid":{"rendered":"https:\/\/www.afecir.com\/comprar\/?post_type=product&#038;p=3353"},"modified":"2020-08-21T13:41:55","modified_gmt":"2020-08-21T13:41:55","slug":"lomo-iberico-de-bellota-50-raza-iberica-la-encina-charra","status":"publish","type":"product","link":"https:\/\/www.afecir.com\/comprar\/producto\/lomo-iberico-de-bellota-50-raza-iberica-la-encina-charra\/","title":{"rendered":"Lomo ib\u00e9rico de bellota 50% raza ib\u00e9rica &#8211; LA ENCINA CHARRA"},"content":{"rendered":"<p>Lomo ib\u00e9rico de bellota 50% raza ib\u00e9rica procedente de nuestros cerdos ib\u00e9ricos criados y alimentados aprovechando los recursos naturales de la dehesa Salmantina de Gallegos de Arga\u00f1\u00e1n, y elaborado artesanalmente macer\u00e1ndolo con sal y piment\u00f3n dulce.<\/p>\n<p>Envasado al vac\u00edo para que conserve todas sus propiedades durante m\u00e1s tiempo.<\/p>\n<p>&nbsp;<\/p>\n<p>AL\u00c9RGENOS:<\/p>\n<p>No contiene gluten.<\/p>\n<p>Contiene leche y sus derivados.<\/p>\n","protected":false},"excerpt":{"rendered":"<p>Lomo ib\u00e9rico de bellota 50% raza ib\u00e9rica procedente de nuestros animales.<\/p>\n","protected":false},"featured_media":3343,"template":"","meta":[],"product_brand":[],"product_cat":[117,391,116],"product_tag":[545,550,556],"class_list":{"0":"post-3353","1":"product","2":"type-product","3":"status-publish","4":"has-post-thumbnail","6":"product_cat-alimentacion","7":"product_cat-embutidos","8":"product_cat-la-encina-charra","9":"product_tag-embutidos","10":"product_tag-lomo","11":"product_tag-lomo-iberico","13":"first","14":"instock","15":"taxable","16":"shipping-taxable","17":"purchasable","18":"product-type-simple"},"_links":{"self":[{"href":"https:\/\/www.afecir.com\/comprar\/wp-json\/wp\/v2\/product\/3353","targetHints":{"allow":["GET"]}}],"collection":[{"href":"https:\/\/www.afecir.com\/comprar\/wp-json\/wp\/v2\/product"}],"about":[{"href":"https:\/\/www.afecir.com\/comprar\/wp-json\/wp\/v2\/types\/product"}],"wp:featuredmedia":[{"embeddable":true,"href":"https:\/\/www.afecir.com\/comprar\/wp-json\/wp\/v2\/media\/3343"}],"wp:attachment":[{"href":"https:\/\/www.afecir.com\/comprar\/wp-json\/wp\/v2\/media?parent=3353"}],"wp:term":[{"taxonomy":"product_brand","embeddable":true,"href":"https:\/\/www.afecir.com\/comprar\/wp-json\/wp\/v2\/product_brand?post=3353"},{"taxonomy":"product_cat","embeddable":true,"href":"https:\/\/www.afecir.com\/comprar\/wp-json\/wp\/v2\/product_cat?post=3353"},{"taxonomy":"product_tag","embeddable":true,"href":"https:\/\/www.afecir.com\/comprar\/wp-json\/wp\/v2\/product_tag?post=3353"}],"curies":[{"name":"wp","href":"https:\/\/api.w.org\/{rel}","templated":true}]}}

Lomo ibérico de bellota 50% raza ibérica &#8211; LA ENCINA CHARRA

<p>Lomo ibérico de bellota 50% raza ibérica procedente de nuestros cerdos ibéricos criados y alimentados aprovechando los recursos naturales de la dehesa Salmantina de Gallegos de Argañán, y elaborado artesanalmente macerándolo con sal y pimentón dulce.</p>
<p>Envasado al vacío para que conserve todas sus propiedades durante más tiempo.</p>
<p>&nbsp;</p>
<p>ALÉRGENOS:</p>
<p>No contiene gluten.</p>
<p>Contiene leche y sus derivados.</p>

<p>Lomo ibérico de bellota 50% raza ibérica procedente de nuestros animales.</p>
