{"id":2392,"date":"2020-05-29T15:07:15","date_gmt":"2020-05-29T15:07:15","guid":{"rendered":"https:\/\/www.afecir.com\/comprar\/?post_type=product&#038;p=2392"},"modified":"2021-06-27T18:44:30","modified_gmt":"2021-06-27T18:44:30","slug":"salchichon-iberico-de-bellota","status":"publish","type":"product","link":"https:\/\/www.afecir.com\/comprar\/producto\/salchichon-iberico-de-bellota\/","title":{"rendered":"Salchich\u00f3n Ib\u00e9rico de Bellota"},"content":{"rendered":"<p style=\"text-align: justify\">Pieza de Salchich\u00f3n Ib\u00e9rico de Bellota elaborado artesanalmente y envasado al vac\u00edo en una pieza.<\/p>\n<p style=\"text-align: justify\"><strong>Peso: de 1kg. a 1,2kg.<\/strong><\/p>\n<p style=\"text-align: justify\">DEHESA ALMARIEGO ofrece una pieza de Salchich\u00f3n de Cerdo Ib\u00e9rico alimentado a bellota de forma natural.<\/p>\n<p style=\"text-align: justify\">Se elabora con carnes magras seleccionadas de primera calidad. El condimento se realiza de forma tradicional con especias. Se embute en tripa natural.<\/p>\n<p style=\"text-align: justify\">Destacan un sabor y aroma caracter\u00edsticos que demuestran las cualidades que el producto posee al ser elaborado con las mejores carnes magras de animales alimentados de forma natural a bellota en la Dehesa Salmantina.<\/p>\n<p style=\"text-align: justify\">La pieza de Salchich\u00f3n ha sido elaborada de forma artesanal y tradicional, de una forma cuidadosa que garantiza la mayor calidad del producto.<\/p>\n<p style=\"text-align: justify\">Cada pieza, de forma individual y manual, es envasada al vac\u00edo en el momento justo y \u00f3ptimo en el proceso de curaci\u00f3n, facilitando su conservaci\u00f3n y manteniendo todas sus propiedades organol\u00e9pticas.<\/p>\n<p style=\"text-align: justify\">Un producto totalmente natural elaborado de forma completamente artesanal que se convierte en un majar extraordinario apreciado como art\u00edculo gourmet en el mundo entero.<\/p>\n","protected":false},"excerpt":{"rendered":"<p>Pieza de Salchich\u00f3n Ib\u00e9rico de Bellota elaborado artesanalmente y envasado al vac\u00edo en una pieza.<\/p>\n<p><strong>Peso: de 1kg. a 1,2kg.<\/strong><\/p>\n","protected":false},"featured_media":5336,"template":"","meta":[],"product_brand":[],"product_cat":[75,74],"product_tag":[],"class_list":{"0":"post-2392","1":"product","2":"type-product","3":"status-publish","4":"has-post-thumbnail","6":"product_cat-dehesa-almariego","7":"product_cat-productos-ibericos","9":"first","10":"instock","11":"taxable","12":"shipping-taxable","13":"purchasable","14":"product-type-simple"},"_links":{"self":[{"href":"https:\/\/www.afecir.com\/comprar\/wp-json\/wp\/v2\/product\/2392","targetHints":{"allow":["GET"]}}],"collection":[{"href":"https:\/\/www.afecir.com\/comprar\/wp-json\/wp\/v2\/product"}],"about":[{"href":"https:\/\/www.afecir.com\/comprar\/wp-json\/wp\/v2\/types\/product"}],"wp:featuredmedia":[{"embeddable":true,"href":"https:\/\/www.afecir.com\/comprar\/wp-json\/wp\/v2\/media\/5336"}],"wp:attachment":[{"href":"https:\/\/www.afecir.com\/comprar\/wp-json\/wp\/v2\/media?parent=2392"}],"wp:term":[{"taxonomy":"product_brand","embeddable":true,"href":"https:\/\/www.afecir.com\/comprar\/wp-json\/wp\/v2\/product_brand?post=2392"},{"taxonomy":"product_cat","embeddable":true,"href":"https:\/\/www.afecir.com\/comprar\/wp-json\/wp\/v2\/product_cat?post=2392"},{"taxonomy":"product_tag","embeddable":true,"href":"https:\/\/www.afecir.com\/comprar\/wp-json\/wp\/v2\/product_tag?post=2392"}],"curies":[{"name":"wp","href":"https:\/\/api.w.org\/{rel}","templated":true}]}}