{"id":2369,"date":"2020-05-29T14:31:10","date_gmt":"2020-05-29T14:31:10","guid":{"rendered":"https:\/\/www.afecir.com\/comprar\/?post_type=product&#038;p=2369"},"modified":"2021-06-27T18:58:42","modified_gmt":"2021-06-27T18:58:42","slug":"jamon-de-cebo-de-campo-iberico-50-raza-iberica","status":"publish","type":"product","link":"https:\/\/www.afecir.com\/comprar\/producto\/jamon-de-cebo-de-campo-iberico-50-raza-iberica\/","title":{"rendered":"Jam\u00f3n de Cebo de Campo Ib\u00e9rico 50% Raza Ib\u00e9rica"},"content":{"rendered":"<p style=\"text-align: justify\">Pieza de Jam\u00f3n de Cerdo Ib\u00e9rico 50% Raza Ib\u00e9rica alimentado de forma natural en el campo de Salamanca<\/p>\n<p>DEHESA ALMARIEGO ofrece una pieza de Jam\u00f3n de Cerdo Ib\u00e9rico 50% Raza Ib\u00e9rica alimentado de forma natural.<\/p>\n<p>Con veteado correcto y terso. Grado de curaci\u00f3n excepcional. De jugosidad perfecta y homog\u00e9nea en toda la pieza debido a un estado de curaci\u00f3n \u00f3ptimo para su consumo. Sin sequedad apreciable. Retirar una peque\u00f1a capa es suficiente para obtener una loncha completamente jugosa de uno a otro extremo de la pieza. Con aromas muy definidos, elegantes y persistentes. Jam\u00f3n que se defiende espectacularmente ante el cuchillo, obteniendo rendimientos envidiables.<\/p>\n<p>Ideal para ocasiones especiales en las que se desee contar con una nota de distinci\u00f3n y tambi\u00e9n para amantes de este manjar que disfrutan cortando la pieza a cuchillo.<\/p>\n<p>Un producto totalmente natural elaborado de forma completamente artesanal que se convierte en un majar extraordinario apreciado como art\u00edculo gourmet en el mundo entero.<\/p>\n","protected":false},"excerpt":{"rendered":"<p>Pieza de Jam\u00f3n de Cerdo Ib\u00e9rico 50% Raza Ib\u00e9rica alimentado de forma natural en el campo de Salamanca<\/p>\n","protected":false},"featured_media":5324,"template":"","meta":[],"product_brand":[],"product_cat":[75,681,74],"product_tag":[],"class_list":{"0":"post-2369","1":"product","2":"type-product","3":"status-publish","4":"has-post-thumbnail","6":"product_cat-dehesa-almariego","7":"product_cat-jamones","8":"product_cat-productos-ibericos","10":"first","11":"instock","12":"taxable","13":"shipping-taxable","14":"purchasable","15":"product-type-variable"},"_links":{"self":[{"href":"https:\/\/www.afecir.com\/comprar\/wp-json\/wp\/v2\/product\/2369","targetHints":{"allow":["GET"]}}],"collection":[{"href":"https:\/\/www.afecir.com\/comprar\/wp-json\/wp\/v2\/product"}],"about":[{"href":"https:\/\/www.afecir.com\/comprar\/wp-json\/wp\/v2\/types\/product"}],"wp:featuredmedia":[{"embeddable":true,"href":"https:\/\/www.afecir.com\/comprar\/wp-json\/wp\/v2\/media\/5324"}],"wp:attachment":[{"href":"https:\/\/www.afecir.com\/comprar\/wp-json\/wp\/v2\/media?parent=2369"}],"wp:term":[{"taxonomy":"product_brand","embeddable":true,"href":"https:\/\/www.afecir.com\/comprar\/wp-json\/wp\/v2\/product_brand?post=2369"},{"taxonomy":"product_cat","embeddable":true,"href":"https:\/\/www.afecir.com\/comprar\/wp-json\/wp\/v2\/product_cat?post=2369"},{"taxonomy":"product_tag","embeddable":true,"href":"https:\/\/www.afecir.com\/comprar\/wp-json\/wp\/v2\/product_tag?post=2369"}],"curies":[{"name":"wp","href":"https:\/\/api.w.org\/{rel}","templated":true}]}}

Jamón de Cebo de Campo Ibérico 50% Raza Ibérica

<p style="text-align: justify">Pieza de Jamón de Cerdo Ibérico 50% Raza Ibérica alimentado de forma natural en el campo de Salamanca</p>
<p>DEHESA ALMARIEGO ofrece una pieza de Jamón de Cerdo Ibérico 50% Raza Ibérica alimentado de forma natural.</p>
<p>Con veteado correcto y terso. Grado de curación excepcional. De jugosidad perfecta y homogénea en toda la pieza debido a un estado de curación óptimo para su consumo. Sin sequedad apreciable. Retirar una pequeña capa es suficiente para obtener una loncha completamente jugosa de uno a otro extremo de la pieza. Con aromas muy definidos, elegantes y persistentes. Jamón que se defiende espectacularmente ante el cuchillo, obteniendo rendimientos envidiables.</p>
<p>Ideal para ocasiones especiales en las que se desee contar con una nota de distinción y también para amantes de este manjar que disfrutan cortando la pieza a cuchillo.</p>
<p>Un producto totalmente natural elaborado de forma completamente artesanal que se convierte en un majar extraordinario apreciado como artículo gourmet en el mundo entero.</p>

<p>Pieza de Jamón de Cerdo Ibérico 50% Raza Ibérica alimentado de forma natural en el campo de Salamanca</p>
