{"id":133,"date":"2016-01-28T12:41:14","date_gmt":"2016-01-28T12:41:14","guid":{"rendered":"http:\/\/demo.themegrill.com\/estore\/?page_id=133"},"modified":"2020-07-30T15:52:24","modified_gmt":"2020-07-30T15:52:24","slug":"marketplace-para-el-comercio-de-ciudad-rodrigo","status":"publish","type":"page","link":"https:\/\/www.afecir.com\/comprar\/marketplace-para-el-comercio-de-ciudad-rodrigo\/","title":{"rendered":"Marketplace para el comercio de la comarca de Ciudad Rodrigo"},"content":{"rendered":"<p style=\"text-align: justify;\">Ponemos en marcha el proyecto marketplace para comercios e industrias de la comarca de Ciudad Rodrigo, inscr\u00edbete ya en esta nueva aventura. Env\u00edanos un correo electr\u00f3nico con el asunto <strong>#yomesubo<\/strong> y te informaremos como participar en esta apuesta por el futuro del comecio local, <em><strong>es GRATUITA Y ABIERTA<\/strong><\/em>. <a href=\"mailto:secretaria@afecir.com\"><strong>secretaria@afecir.com<\/strong><\/a><\/p>\n<p>&nbsp;<\/p>\n<p>La Asociaci\u00f3n de Comercio de la Comarca de Ciudad Rodrigo, nace en enero de 1993, con la uni\u00f3n de veinte empresarios que a ra\u00edz de un curso de formaci\u00f3n en inform\u00e1tica, decidieron unirse para fundar lo que hoy ha llegado a ser una de las entidades m\u00e1s reconocidas y de mayor trascendencia en el movimiento social de la ciudad, contando en la actualidad\u00a0 con un numeroso grupo de asociados que apoyan todo tipo de proyectos para el desarrollo empresarial de la zona.<\/p>\n<p style=\"text-align: justify;\">Una Asociaci\u00f3n de Comerciantes, Peque\u00f1a y Mediana Empresa con el fin de unir a todos los comerciantes y pymes, y as\u00ed obtener los mayores beneficios que de forma individual le est\u00e1n vetados al peque\u00f1o y mediano comercio. Otro objetivo esencial de la asociaci\u00f3n es dotar a sus miembros de una amplia gama de servicios y poner a su disposici\u00f3n los medios necesarios para que puedan, a su vez, ofrecer a sus clientes los servicios que son demandados por la sociedad actual.<\/p>\n<p style=\"text-align: justify;\">Pretendemos acercar y dar a conocer la oferta comercial y de servicios que tenemos los comercios de esta rica comarca, una oferta que dedica especial atenci\u00f3n a satisfacer las expectativas de los clientes mediante la calidad de sus productos y servicios, una atenci\u00f3n y trato personalizado, profesionalidad, buena relaci\u00f3n calidad-precio, innovaci\u00f3n, promociones, surtido, etc.<\/p>\n<p style=\"text-align: justify;\">Este proyecto es el resultado de la evoluci\u00f3n natural de los intercambios comerciales, hasta hace poco, solo posible en tiendas de la calle o centros comerciales. Ciudad Rodrigo no pod\u00eda ignorar la misi\u00f3n de posicionarse a la vanguardia de los procesos comerciales dictados por la modernidad, asumiendo su car\u00e1cter de capital del comercio de la Comarca.<\/p>\n<p style=\"text-align: justify;\">En cada proceso de compra y venta entre la tienda y el cliente, a trav\u00e9s de esta web, hay un poco de esta ciudad y la regi\u00f3n, como si cada producto o servicio hubiera inscrito la memoria de una cultura \u00fanica, un patrimonio hist\u00f3rico de miles de a\u00f1os, un marco de paisaje \u00fanico.<\/p>\n<p style=\"text-align: justify;\">Comprar un producto o servicio en nuestra web es comprar parte de esa memoria.<\/p>\n","protected":false},"excerpt":{"rendered":"<p>Ponemos en marcha el proyecto marketplace para comercios e industrias de la comarca de Ciudad Rodrigo, inscr\u00edbete ya en esta nueva aventura. Env\u00edanos un correo electr\u00f3nico con el asunto #yomesubo y te informaremos como participar en esta apuesta por el futuro del comecio local, es GRATUITA Y ABIERTA. secretaria@afecir.com &nbsp; La Asociaci\u00f3n de Comercio de [&hellip;]<\/p>\n","protected":false},"author":1,"featured_media":2296,"parent":0,"menu_order":0,"comment_status":"closed","ping_status":"closed","template":"","meta":{"footnotes":""},"class_list":["post-133","page","type-page","status-publish","has-post-thumbnail","hentry"],"_links":{"self":[{"href":"https:\/\/www.afecir.com\/comprar\/wp-json\/wp\/v2\/pages\/133","targetHints":{"allow":["GET"]}}],"collection":[{"href":"https:\/\/www.afecir.com\/comprar\/wp-json\/wp\/v2\/pages"}],"about":[{"href":"https:\/\/www.afecir.com\/comprar\/wp-json\/wp\/v2\/types\/page"}],"author":[{"embeddable":true,"href":"https:\/\/www.afecir.com\/comprar\/wp-json\/wp\/v2\/users\/1"}],"replies":[{"embeddable":true,"href":"https:\/\/www.afecir.com\/comprar\/wp-json\/wp\/v2\/comments?post=133"}],"version-history":[{"count":11,"href":"https:\/\/www.afecir.com\/comprar\/wp-json\/wp\/v2\/pages\/133\/revisions"}],"predecessor-version":[{"id":3868,"href":"https:\/\/www.afecir.com\/comprar\/wp-json\/wp\/v2\/pages\/133\/revisions\/3868"}],"wp:featuredmedia":[{"embeddable":true,"href":"https:\/\/www.afecir.com\/comprar\/wp-json\/wp\/v2\/media\/2296"}],"wp:attachment":[{"href":"https:\/\/www.afecir.com\/comprar\/wp-json\/wp\/v2\/media?parent=133"}],"curies":[{"name":"wp","href":"https:\/\/api.w.org\/{rel}","templated":true}]}}

<p style="text-align: justify;">Ponemos en marcha el proyecto marketplace para comercios e industrias de la comarca de Ciudad Rodrigo, inscríbete ya en esta nueva aventura. Envíanos un correo electrónico con el asunto <strong>#yomesubo</strong> y te informaremos como participar en esta apuesta por el futuro del comecio local, <em><strong>es GRATUITA Y ABIERTA</strong></em>. <a href="mailto:secretaria@afecir.com"><strong>secretaria@afecir.com</strong></a></p>
<p>&nbsp;</p>
<p>La Asociación de Comercio de la Comarca de Ciudad Rodrigo, nace en enero de 1993, con la unión de veinte empresarios que a raíz de un curso de formación en informática, decidieron unirse para fundar lo que hoy ha llegado a ser una de las entidades más reconocidas y de mayor trascendencia en el movimiento social de la ciudad, contando en la actualidad  con un numeroso grupo de asociados que apoyan todo tipo de proyectos para el desarrollo empresarial de la zona.</p>
<p style="text-align: justify;">Una Asociación de Comerciantes, Pequeña y Mediana Empresa con el fin de unir a todos los comerciantes y pymes, y así obtener los mayores beneficios que de forma individual le están vetados al pequeño y mediano comercio. Otro objetivo esencial de la asociación es dotar a sus miembros de una amplia gama de servicios y poner a su disposición los medios necesarios para que puedan, a su vez, ofrecer a sus clientes los servicios que son demandados por la sociedad actual.</p>
<p style="text-align: justify;">Pretendemos acercar y dar a conocer la oferta comercial y de servicios que tenemos los comercios de esta rica comarca, una oferta que dedica especial atención a satisfacer las expectativas de los clientes mediante la calidad de sus productos y servicios, una atención y trato personalizado, profesionalidad, buena relación calidad-precio, innovación, promociones, surtido, etc.</p>
<p style="text-align: justify;">Este proyecto es el resultado de la evolución natural de los intercambios comerciales, hasta hace poco, solo posible en tiendas de la calle o centros comerciales. Ciudad Rodrigo no podía ignorar la misión de posicionarse a la vanguardia de los procesos comerciales dictados por la modernidad, asumiendo su carácter de capital del comercio de la Comarca.</p>
<p style="text-align: justify;">En cada proceso de compra y venta entre la tienda y el cliente, a través de esta web, hay un poco de esta ciudad y la región, como si cada producto o servicio hubiera inscrito la memoria de una cultura única, un patrimonio histórico de miles de años, un marco de paisaje único.</p>
<p style="text-align: justify;">Comprar un producto o servicio en nuestra web es comprar parte de esa memoria.</p>

<p>Ponemos en marcha el proyecto marketplace para comercios e industrias de la comarca de Ciudad Rodrigo, inscríbete ya en esta nueva aventura. Envíanos un correo electrónico con el asunto #yomesubo y te informaremos como participar en esta apuesta por el futuro del comecio local, es GRATUITA Y ABIERTA. secretaria@afecir.com &nbsp; La Asociación de Comercio de [&hellip;]</p>
